 of o and k.
16
Let b be (1 + -165)*20/(-16). Suppose b = 5*x + 2*q, x + 3*x - 136 = 4*q. What is the greatest common factor of x and 52?
13
Let w = -1341 - -1403. What is the greatest common factor of w and 465?
31
Suppose l - 6 + 4 = -5*b, -9 = 4*l + 3*b. Let d(k) = k**2 + k + 1. Let o be d(l). What is the greatest common factor of o and 7?
7
Let g = -53 - -63. What is the highest common divisor of 7 and g?
1
Suppose 0 = 4*c - 2 - 14. Let y(h) = -5 + 2*h - 22*h + 31*h. Let u be y(c). Calculate the greatest common factor of 13 and u.
13
Suppose 12*j = -3*c + 15*j + 246, 5*c = -2*j + 403. Calculate the highest common divisor of 1 and c.
1
Suppose 79 + 45 = 2*b. Suppose v = 36 + b. Let o = v + -68. What is the greatest common divisor of o and 20?
10
Let z be 3654/27 + 2/(12/(-2)). Suppose 46 = 2*s + h, 3*s - 5*h - z = -40. What is the greatest common factor of s and 15?
5
Let q(z) = 2*z + 4. Let g be q(-3). Let o be (g + 0)*(-23)/2. Let j be ((-12880)/420)/((-8)/6). Calculate the highest common divisor of o and j.
23
Let i be -4 + 4 + 5*28. Suppose -5*t + 3*t + i = 0. Let l be (28/5)/(1/5). What is the highest common factor of t and l?
14
Let g be ((-24)/(-7))/((-6)/105*-1). What is the highest common divisor of 108 and g?
12
Let i be (12 - (7 - 4)) + -6. Suppose 0 = 2*k + s - 38, 3*s = -2*k + 11 + 23. Suppose i*h = h + k. What is the highest common divisor of 10 and h?
10
Let j(l) = 10*l + 49. Let a be j(-1). What is the highest common divisor of 819 and a?
39
Let g(o) = -11*o + 5. Let q be g(4). Let c = 72 + q. Suppose 0 = 9*v - 6*v - c. What is the highest common factor of v and 33?
11
Suppose 1016 = 20*f - 17*f - 4*z, 0 = -f - 3*z + 330. What is the greatest common divisor of 21 and f?
21
Let c(x) be the second derivative of -3*x**3/2 + x. Let f be c(-1). Let p(g) = -148*g + 1422. Let j be p(9). Calculate the greatest common factor of j and f.
9
Let j be (-4)/18 + (-168)/(-27). Let a = -5 + j. Let t be (6 - 0)/(-3 + 5). What is the highest common factor of t and a?
1
Let u be 7/2*(-5 + (-440)/(-56)). Let s(l) = 8 - 8*l - 3*l - 5*l - l. Let m be s(-6). Calculate the highest common divisor of m and u.
10
Let o be (-54)/8*(3 - (-204)/(-36)). Calculate the greatest common factor of o and 1044.
18
Suppose y = 6*y - 450. Suppose 5*m = -r - 99, 45 = 2*m - 4*m + 5*r. Let n be (m*7)/(-4) - -1. Calculate the highest common divisor of n and y.
18
Let m(s) be the first derivative of 5*s**2/2 + 26*s + 5. Let x be m(14). What is the greatest common divisor of 12 and x?
12
Let h = -3 - -6. Let o = h - 12. Let z = 27 + o. Calculate the highest common factor of z and 9.
9
Let a = 9 - -6. Suppose -2*d - z = -9, -3*d + a = 2*d - 5*z. What is the greatest common factor of d and 4?
4
Suppose 0 = 5*q + c - 1920, -4*q - 4*c = -1032 - 520. Suppose -j + q = 3*o, -10 - 15 = -5*j. Calculate the greatest common factor of 36 and o.
18
Let z(g) = -g**2 + 5*g + 450. Let j be z(0). Calculate the greatest common factor of j and 50.
50
Let r be -68*1*25/(-10). Let n(k) = -1 - 32*k - r*k**3 + 9*k**3 - k**2 + 31*k. Let y be n(-1). Calculate the greatest common divisor of y and 20.
20
Suppose 0 = -4*o - l - 561, o + 89 = -3*l - 43. Let s = -131 - o. Calculate the highest common factor of s and 160.
10
Suppose -18*p = -872 + 44. Calculate the greatest common divisor of p and 138.
46
Let a be -3 - -1 - (1 + 0). Let s = -2 - a. Suppose -10 - 29 = -39*i. Calculate the highest common factor of s and i.
1
Let q(z) = z**3 - 23*z**2 + 64*z - 68. Let i be q(22). Calculate the greatest common divisor of i and 8.
8
Suppose 2*j + 4*a + 156 = 154, 11 = -j - 4*a. Let p = 28 - 16. Let q = -6 + p. What is the greatest common divisor of q and j?
3
Let x = 14 + -14. Suppose -t + z - 5*z - 5 = x, -5*z = 5*t - 35. Suppose -6*o = t - 35. What is the greatest common divisor of 8 and o?
4
Let r = 4 + 82. What is the highest common factor of 43 and r?
43
Suppose -5*a + 103 = -3*z, -2*a + 18*z = 15*z - 43. What is the highest common divisor of a and 640?
20
Let y = 29 - 5. Calculate the greatest common factor of 696 and y.
24
Let v be ((-150)/(7 - 10))/(1/4). What is the highest common factor of v and 16?
8
Let z be 63/2 + 1/(-2). Let i = 3576 + -3328. What is the greatest common factor of i and z?
31
Let g(d) = 7 + 1 - 3*d - 2. Let q be g(7). Let y = 13 - q. Calculate the highest common factor of y and 70.
14
Suppose -19*l = -23*l + 3*r + 206, -2*r - 204 = -4*l. What is the highest common divisor of l and 1300?
50
Let c be (-42)/609 - (-1481)/29. What is the greatest common divisor of c and 204?
51
Suppose -20 = -q - 7. Calculate the greatest common factor of q and 572.
13
Let o = -70 + 73. Suppose -4*s + 488 = 5*h, o*s = 4*s - 2*h - 109. Suppose 4*d + 0*d - 52 = 0. Calculate the greatest common divisor of s and d.
13
Let f(w) = 3 + 17*w**2 - 4 - 2*w + 2. Let y be f(1). Suppose -48 = 3*r - 5*r. What is the greatest common divisor of y and r?
8
Suppose 36*l = 32*l + 8. What is the greatest common factor of 2 and l?
2
Suppose 59*v - 25960 = 48*v. What is the greatest common divisor of 40 and v?
40
Suppose i - 126 = -4*v - i, -4*v - 5*i = -117. Let g be (12/11)/6 + 1182/v. Calculate the greatest common factor of g and 144.
36
Let q(b) = -b**3 - 23*b**2 + 24*b + 1. Let h be q(-24). Let s be (h - 7)/(1*(-1)/3). What is the greatest common divisor of s and 90?
18
Let u be -3 - (-3)/6*3*12. Suppose 7*f - u*f = -1472. Calculate the highest common factor of 23 and f.
23
Suppose -3*f - s + 50 = 0, -f + 3*s - 178 = -208. What is the highest common divisor of 1962 and f?
18
Let u(l) = -l**2 + 6*l - 2. Let p be u(4). Suppose -2 = -p*g + 4. What is the highest common factor of 4 and g?
1
Suppose -96 = -4*b + s, -9*b - 4*s = -6*b - 53. What is the highest common factor of b and 368?
23
Let s = 63 + -47. Suppose -112 = -5*a + 2*l, -5*a - 2*l = -s - 112. Let r(y) = 16*y. Let q be r(1). What is the greatest common factor of q and a?
8
Let n(r) = -4*r. Let t be n(2). Let c = t + 6. Let h be c/(-4) - (-204)/24. Calculate the highest common divisor of h and 9.
9
Let h(b) be the first derivative of b**3/3 + 9*b**2/2 - 26*b + 1. Let f be h(6). What is the greatest common factor of 16 and f?
16
Let k be ((16/(-12))/(-2))/((-4)/6). Let m be (k/((-10)/4))/((-14)/(-3640)). What is the greatest common factor of 13 and m?
13
Suppose 5*n = 4*k - 85, 16*n - 50 = -4*k + 14*n. Calculate the greatest common factor of 125 and k.
5
Suppose 133*b + 144*b + 180 = 292*b. Let n = -14 - -30. Calculate the highest common divisor of b and n.
4
Let j(p) = 20*p + 220. Let k be j(-9). Let a = -6 - -30. Suppose w = -2*w + a. What is the highest common divisor of w and k?
8
Suppose g - 64 = 4*r, -3*g + 305 = -5*r + 99. What is the highest common divisor of g and 54?
18
Suppose 6*b - 21 - 141 = 0. Calculate the greatest common factor of b and 9.
9
Suppose 36*g - 1680 = 4656. Let r be (-304)/(-14) - 4/(-14). What is the highest common divisor of g and r?
22
Suppose 2*z - 226 = -3*i, 141 + 167 = 4*i + 4*z. What is the highest common divisor of i and 64?
8
Let y = -30 - -28. Let t(p) = -8*p**3 - 3*p**2 - 4*p - 2. Let z be t(y). Suppose -5*i + z = -2. What is the highest common divisor of i and 4?
4
Let i(b) = -25*b - 36. Let v be i(-3). Let w be 11 - 2/(-3)*3. Calculate the greatest common divisor of v and w.
13
Let u(k) = -k**3 + 7*k**2 + 6*k + 18. Let f be u(8). Suppose -8 - 77 = -5*x - 5*o, -f*x + 16 = -4*o. What is the highest common divisor of x and 126?
14
Let p = -715 + 736. Calculate the greatest common factor of p and 861.
21
Let t(d) = -8*d**2 + 40*d - 6. Let c be t(7). Let g = c - -136. What is the highest common factor of g and 9?
9
Let v(q) = -22*q**2 - q - 4. Let t(j) = -21*j**2 - j - 5. Let d(z) = 4*t(z) - 5*v(z). Let u be d(-2). Calculate the highest common divisor of 17 and u.
17
Let l be -2 - (-2 + 3) - -24. Let n(b) = 4*b - 5. Let f be n(2). Calculate the highest common factor of l and f.
3
Let m be (-10)/(-3)*18/12. Let o(k) = -12*k - 4. Let z be o(-7). What is the highest common divisor of z and m?
5
Suppose 7 - 23 = 4*n. Let b be (n/(-6))/((-2)/(-9)). What is the highest common factor of 24 and b?
3
Let i = 37 - 34. Let z be i/3*(4 + 71). Calculate the greatest common factor of 50 and z.
25
Let k(a) = a**3 - 17*a**2 + 17*a -